102 and 669?
223
What is the greatest common divisor of 24 and 81852?
12
Calculate the highest common factor of 503756 and 535.
107
What is the greatest common divisor of 4500 and 29340?
180
What is the greatest common divisor of 334481 and 31808?
497
Calculate the highest common factor of 16475 and 155.
5
Calculate the highest common divisor of 68 and 497522.
34
What is the greatest common factor of 7832320 and 256?
256
What is the greatest common divisor of 38873 and 11?
1
Calculate the highest common divisor of 187351 and 86.
43
Calculate the greatest common factor of 144 and 5796.
36
Calculate the highest common divisor of 10212 and 8004.
276
What is the highest common factor of 102678 and 48?
6
Calculate the greatest common factor of 523532 and 136.
68
Calculate the greatest common factor of 303795 and 27.
9
What is the highest common divisor of 1232911 and 41?
41
What is the highest common factor of 894 and 57067?
149
What is the greatest common factor of 4779806 and 94?
94
What is the highest common factor of 284 and 724?
4
What is the greatest common divisor of 6 and 129219?
3
What is the highest common factor of 242555 and 349?
349
What is the highest common divisor of 28 and 54208?
28
What is the greatest common factor of 40 and 33610?
10
What is the highest common divisor of 1980 and 79640?
220
What is the highest common divisor of 645 and 18360?
15
What is the highest common factor of 2580 and 300?
60
What is the highest common factor of 355760 and 80?
80
Calculate the greatest common factor of 1887 and 510.
51
Calculate the greatest common factor of 204 and 709104.
204
What is the greatest common divisor of 3293214 and 12?
6
What is the greatest common factor of 9393 and 29997?
303
Calculate the highest common factor of 18147158 and 206.
206
Calculate the highest common factor of 748 and 12188.
44
Calculate the highest common divisor of 340730 and 130.
130
Calculate the greatest common factor of 677392 and 48.
16
Calculate the highest common divisor of 400 and 868600.
200
What is the highest common divisor of 12 and 170328?
12
What is the greatest common divisor of 861 and 10947?
123
Calculate the greatest common factor of 450 and 11070.
90
Calculate the greatest common factor of 30 and 103830.
30
What is the highest common divisor of 8382 and 35178?
66
Calculate the highest common divisor of 171 and 63.
9
Calculate the greatest common factor of 44 and 3718.
22
What is the highest common factor of 1456 and 108640?
112
Calculate the highest common factor of 32 and 766512.
16
What is the highest common divisor of 1120 and 672?
224
Calculate the greatest common factor of 103 and 71791.
103
What is the greatest common divisor of 28756 and 1580?
316
What is the highest common divisor of 1812 and 719968?
604
What is the highest common factor of 11120 and 43924?
556
Calculate the highest common divisor of 300 and 73770.
30
Calculate the greatest common factor of 763 and 9701.
109
Calculate the highest common divisor of 3325 and 887950.
175
Calculate the greatest common factor of 622633 and 4807.
253
What is the greatest common factor of 1152 and 420?
12
Calculate the greatest common divisor of 28 and 564403.
7
What is the greatest common divisor of 318993 and 3?
3
Calculate the highest common divisor of 131 and 173051.
131
What is the highest common factor of 528 and 1152492?
132
Calculate the greatest common divisor of 715 and 23712.
13
Calculate the greatest common divisor of 266 and 41874.
14
What is the greatest common factor of 24 and 3555636?
12
Calculate the highest common factor of 94937 and 5143.
139
What is the greatest common divisor of 832 and 39232?
64
What is the greatest common factor of 19251 and 308853?
837
What is the highest common factor of 144 and 1044540?
36
Calculate the greatest common factor of 130599 and 864.
27
Calculate the highest common factor of 122878 and 524.
262
Calculate the highest common factor of 28 and 38066.
14
Calculate the highest common factor of 182103 and 606.
303
What is the greatest common factor of 357 and 410907?
357
Calculate the highest common factor of 31591 and 14.
7
Calculate the highest common factor of 95146 and 452.
226
Calculate the highest common factor of 40 and 163140.
20
Calculate the greatest common factor of 1260 and 10860.
60
What is the highest common divisor of 399 and 16093?
133
Calculate the greatest common divisor of 172434 and 174.
174
Calculate the highest common factor of 1020 and 6035.
85
Calculate the greatest common factor of 42 and 541653.
21
What is the highest common factor of 459 and 18513?
153
Calculate the highest common factor of 32923 and 146.
73
Calculate the greatest common factor of 3657 and 34224.
69
What is the greatest common factor of 45575 and 20?
5
Calculate the greatest common factor of 1584 and 160864.
176
Calculate the greatest common factor of 24319 and 4981.
293
What is the greatest common divisor of 443738 and 1270?
254
Calculate the highest common divisor of 10234 and 5100.
34
What is the greatest common divisor of 48345 and 120?
15
What is the highest common divisor of 230 and 103930?
10
What is the highest common divisor of 765716 and 1932?
644
What is the highest common factor of 7086 and 750?
6
What is the greatest common factor of 114149 and 69?
23
What is the greatest common divisor of 12042 and 17694?
18
Calculate the highest common factor of 627 and 399.
57
What is the highest common divisor of 7548 and 38184?
444
What is the greatest common divisor of 1520 and 646608?
304
What is the highest common factor of 136300 and 1600?
100
What is the greatest common divisor of 42846 and 888?
222
Calculate the greatest common divisor of 14570 and 97030.
310
Calculate the highest common factor of 673191 and 81.
81
Calculate the highest common divisor of 119 and 194973.
17
What is the greatest common divisor of 5723436 and 12?
12
What is the greatest common divisor of 32179528 and 8?
8
What is the highest common divisor of 18511746 and 82?
82
Calculate the greatest common divisor of 112 and 24962224.
112
Calculate the highest common factor of 150884 and 2077.
67
What is the greatest common divisor of 206122 and 140?
14
Calculate the highest common divisor of 135587 and 82.
41
Calculate the greatest common factor of 30916 and 4192.
524
What is the highest common divisor of 1052 and 28?
4
What is the greatest common divisor of 391 and 289?
17
Calculate the highest common divisor of 3018842 and 73.
73
What is the greatest common factor of 34807 and 5?
1
What is the greatest common divisor of 13039 and 2431?
221
What is the highest common factor of 824905 and 58?
29
What is the highest common factor of 14756 and 496?
124
What is the highest common factor of 117480 and 760?
40
What is the greatest common factor of 12321 and 18?
9
What is the highest common divisor of 6524 and 1988?
28
What is the highest common factor of 5782 and 590?
118
What is the highest common divisor of 6246 and 18?
18
What is the highest common factor of 1032 and 23349?
129
What is the greatest common divisor of 49698 and 66?
66
Calculate the greatest common divisor of 74628 and 3780.
108
Calculate the greatest common divisor of 202683 and 195.
39
What is the greatest common factor of 5800 and 216456?
232
Calculate the highest common factor of 180 and 82260.
180
Calculate the highest common divisor of 1904 and 784.
112
Calculate the greatest common factor of 1659 and 92667.
237
What is the highest common factor of 429312 and 39?
39
What is the greatest common factor of 234 and 4160?
26
Calculate the highest common divisor of 192038 and 88.
22
What is the highest common factor of 20202 and 351?
39
Calculate the highest common divisor of 1 and 12919.
1
Calculate the highest common divisor of 23546 and 1708.
122
Calculate the greatest common divisor of 5645 and 955.
5
Calculate the highest common factor of 173222 and 70.
14
Calculate the greatest common factor of 88 and 82258.
22
Calculate the highest common factor of 1520 and 1060.
20
What is the greatest common factor of 340735 and 55?
5
Calculate the highest common factor of 52 and 447668.
52
What is the highest common factor of 3105 and 166405?
115
What is the greatest common factor of 848 and 43824?
16
Calculate the h